 a?
5
Suppose -6*f - 30 = -2*f + 5*s, 0 = -2*s - 4. Let x(z) = 29*z + z**2 + 7 - 43*z + 2*z**2 + 21*z. What is the units digit of x(f)?
7
Let m(v) = -v**3 - 7*v**2 - 3*v - 8. Let o be m(-6). Let w = -24 - o. Suppose -4*k - 4*i + 152 + 16 = 0, w*i = 5*k - 182. What is the units digit of k?
8
Suppose 34*h - 113012 = 75212. What is the hundreds digit of h?
5
Suppose -5*h = -5*o + 14395, 8530 = 3*o - 5*h - 95. What is the tens digit of o?
8
Suppose -a + 1 - 16 = 0. Let d = a + 26. Let b(q) = q**3 - 10*q**2 - 7*q - 10. What is the tens digit of b(d)?
3
Suppose -138*q - 15138 = -156*q. What is the units digit of q?
1
Let l(g) = -17*g + 9. Let d be ((-48)/21)/(-1) - 2/7. Suppose -d*b + 5*n - 8 = 2*n, 2*b = 5*n - 8. What is the units digit of l(b)?
7
Let z(r) = 629*r + 1975. What is the units digit of z(24)?
1
Let s(n) = 5739*n + 574. What is the hundreds digit of s(2)?
0
Let c = 14754 + -6601. What is the hundreds digit of c?
1
Let p(v) = v**3 + 11*v**2 - 7*v + 10. Let u be p(-7). Suppose -u = 6*r - 1269. Suppose r = -3*k + 673. What is the units digit of k?
8
Let b = 60779 + -36446. What is the thousands digit of b?
4
Suppose 27*v = 8*v + 369873. Suppose j = -20*j + v. What is the units digit of j?
7
Let n = 22361 + -18267. What is the thousands digit of n?
4
Let c(q) = 66*q**2 + 6*q + 6. Let r be c(-4). Let n = r - 689. What is the tens digit of n?
4
Let m = 29342 - 15664. What is the ten thousands digit of m?
1
Let p(z) = -138*z - 7. Let w be -3*3*6/27. Let g be p(w). Suppose 101 = -7*n + g. What is the units digit of n?
4
Suppose -3*m - 5*q + 9 = -9, -4*m - 8 = -4*q. Let b be 33/27*m + 2/(-9). What is the hundreds digit of 99 + 3 - (0 + -3)/b?
1
Let m(x) = 5097*x**2 + 21*x + 12. What is the thousands digit of m(-1)?
5
Let u(o) = -16*o**2 + 14*o + 28. Suppose 4*i - 11*i - 21 = 0. Let b(g) = -31*g**2 + 27*g + 57. Let h(d) = i*b(d) + 5*u(d). What is the tens digit of h(-4)?
2
Suppose 3*h - 1391 = -56. Suppose 0 = -8*o - h - 331. Let t = 195 + o. What is the units digit of t?
8
Suppose -2*h - 19*h = 2*h. Suppose 42*o - 13*o - 18415 = h. What is the tens digit of o?
3
Let n be (1*2)/((-40)/(-105780)). Suppose -12*h + 5*s = -8*h - n, -2640 = -2*h + 4*s. What is the units digit of h?
6
Let z(c) = 16*c**3 - c**2 + 1 - 37*c**3 + c - 56*c**3 + 0*c. Let t be z(1). What is the tens digit of ((-3)/(-5))/(13/(-65)) - t?
7
Let c(h) = -7*h**2 - h**3 - 4*h - 3*h**2 - 18*h**2 - 65 - h**3 + 16*h**2. What is the tens digit of c(-10)?
7
Let m(n) be the first derivative of -n**3/3 - 6*n**2 - 18*n - 25. Let t be m(-10). What is the units digit of (-6)/21 + 296/7 + t?
4
Suppose -110 = 4*w + 10. Let i = w + 49. Suppose -18*l + i*l = 85. What is the tens digit of l?
8
Suppose 3*k - 44*c + 42*c = 21933, -3*k - 4*c = -21951. What is the thousands digit of k?
7
Let k(u) = 103*u**3 + 14*u**2 - 55*u + 203. What is the units digit of k(4)?
9
Let b = -26330 + 28412. What is the tens digit of b?
8
Let w be (-50)/(-15)*(3 + 6/(-4)). Let h be 169 + (25/w - 0). Let u = 437 - h. What is the units digit of u?
3
Let g(o) = 46*o**2 + 4*o - 37. What is the hundreds digit of g(4)?
7
Let x be ((-2)/(-8))/(1/4)*-479. Let z = -23 - x. What is the hundreds digit of z?
4
Let n = -18519 + 42998. What is the units digit of n?
9
Let t(y) = -5*y**2 + 24*y + 0 - 9*y**2 - 6*y + 49 + 16*y**2. What is the tens digit of t(-20)?
8
Suppose -5*p + 10918 + 38240 = 4*g, -2*g + 24580 = 3*p. What is the units digit of g?
7
Let j = -1456 + 5397. What is the tens digit of j?
4
Let w be (868/10)/(4/10). Suppose w = 3*y - 2*y. Suppose 212*n - y*n = -190. What is the tens digit of n?
3
Suppose 21216 = 4*c - 4*d, 2*c - 10295 = -d + 292. What is the tens digit of c?
9
Let c(z) = 0*z**3 + 11*z**2 - 2*z**2 - z + 0*z**2 - 9 + z**3 - 3*z. Let u be (11 + 1)/(6/(-4)). What is the units digit of c(u)?
7
Let w = -62 + 64. Suppose -5*i = w*n - 412, -3*i + 242 = -3*n - n. Let y = -79 + i. What is the units digit of y?
3
Let c(o) = 1502*o + 303. What is the units digit of c(3)?
9
Let y(l) = 3*l. Let h be y(6). Suppose 4084 - 3798 = 22*n. Suppose -n*o = -h*o + 170. What is the tens digit of o?
3
Suppose 2042 = -3*m - 5*x, -4*m + 3*x - 676 = -3*m. Let b = m + -351. What is the units digit of b/4*(-4)/10?
3
Let h(o) = -218*o + 230. What is the hundreds digit of h(-20)?
5
Suppose 2*y - 54 + 10 = -4*t, 0 = -4*t + 4. Suppose -4*f + y = 0, 4*f - 3*f - 2215 = -5*r. What is the units digit of r?
2
Let g(p) = -2*p**3 - 12*p**2 + 10*p - 143. What is the hundreds digit of g(-10)?
5
Suppose y + 82 = 84. Suppose y = 5*m - 3. What is the hundreds digit of (-14)/(10/(-195)*m)?
2
Let t = 280 + -278. Suppose -4*g + t*m + 3052 = 0, -6*m - 3809 = -5*g - 2*m. What is the units digit of g?
5
Suppose 223*k - 120*k = 111*k - 105016. What is the hundreds digit of k?
1
Let i(q) = q**3 - 4*q + 7. Let x be i(3). What is the hundreds digit of (1 - 0)*2*10329/x?
9
What is the units digit of (-8)/18 + ((-490528)/216)/((-22)/33)?
6
Let l = 68 + -67. Let w(z) = 2*z**2 + 28*z - 15. Let q(r) = r**2 + r + 1. Let h(g) = l*q(g) - w(g). What is the units digit of h(-23)?
8
Suppose 8*f - 3*c + 1074 = 3*f, -4*f - 2*c = 868. Let p = f + 1416. What is the hundreds digit of p?
2
Let d = -523 + 309. Let f = d - -471. What is the units digit of f?
7
Suppose -6*p = -42, 2*p = -s - 2*s + 18623. What is the tens digit of s?
0
Suppose -40*a - 1464750 = -133*a + 63*a. What is the hundreds digit of a?
8
Suppose -7*l - 12 = 2. Let r be 24/(1*l/(-4)). Suppose -4*k = -4*v - k + r, 3*v = -4*k + 36. What is the units digit of v?
2
Let y(u) = 966*u - 2340. What is the units digit of y(35)?
0
Let h(b) = -b**3 + 2*b**2 + 2*b + 43. Let r be h(0). Let c = r + 31. Let m = -45 + c. What is the units digit of m?
9
Let t(j) = 1 + 14 - 8*j - 8*j - 12*j + 2. What is the units digit of t(-3)?
1
Suppose -2*j = -31*g + 27*g + 4, -12 = -5*j - g. What is the units digit of 12/(-9) + j + (-32544)/(-108)?
2
Let r(z) be the first derivative of 5*z**3/3 + z**2 + 19*z + 53. Let n be r(-8). Suppose -4*a + n + 209 = 0. What is the tens digit of a?
3
Let c = -760 + 2091. Suppose c - 47 = 4*o. What is the tens digit of o?
2
Let a = -2496 - -9676. What is the units digit of a?
0
Let s be (-1479)/(-4) + 4*(-2)/(-32). Let o = -26 - -29. Suppose -2*c + s = 4*p, o*c - 740 = -c + 2*p. What is the tens digit of c?
8
Let q(s) = 2*s**3 - 43*s**2 - 112*s - 170. What is the tens digit of q(36)?
8
Let i be (-9)/(-36) + 6/8. Suppose g - 4*b - 4 = 0, g - i + 4 = -3*b. What is the units digit of (-1)/4 + g - 146/(-8)?
8
Let s be (3/6 - 0)/((-1)/(-2)). Let f(i) = 3*i**2 - 18*i - 8. Let p(l) = -l**2 + l - 1. Let w(c) = s*p(c) + f(c). What is the units digit of w(12)?
5
Let r(q) = -441*q + 17. Let s be r(-4). Suppose s = 3*h - 4*w, -4*h + 12*w + 2408 = 15*w. What is the hundreds digit of h?
5
Let f(v) = -17211*v + 1785. What is the tens digit of f(-2)?
0
Suppose 5*d - 83 = -3*p, -28 = -2*d - 4*p + 8*p. Let w be (-2798)/d - 15/120. Let h = -123 - w. What is the tens digit of h?
5
Let r(t) = -2 + 2 + 4*t - 2*t**2 + 6 + 8*t**2. What is the units digit of r(-7)?
2
Suppose -5*c - 5*d = -35, -26*c - 24 = -29*c - 4*d. Suppose 0 = 3*l, c*t - 431 = -2*l + 73. What is the hundreds digit of t?
1
Suppose -d - 35 - 109 = -5*g, -150 = -5*g - 5*d. Suppose -g*c - 1288 = -31*c. What is the units digit of c?
4
Let w = 3415 - -4832. What is the hundreds digit of w?
2
Suppose 8*z + 34 = 11*z + 5*h, 4*z - h = 7. Suppose 15 = -3*n, -z*k + 71 + 2099 = 4*n. What is the tens digit of k?
3
Let h(m) = -3*m**2 + 19*m - 8. Let k be h(11). Let g = k - -299. What is the tens digit of g?
3
Let g = 7584 + -6674. What is the tens digit of g?
1
Suppose -2*q = -5*h + 4184, 156*h - 158*h = 3*q - 1685. What is the hundreds digit of h?
8
Let t(r) = r**2 + 3*r - 2628. Let o = -1 + 1. Let b be t(o). What is the units digit of b/(-20) + 2/(-5)?
1
What is the hundreds digit of 70309 + 288/84*7?
3
Let w be 0 - ((-6)/(-8))/(9/(-36)). Suppose 5*s - x + 12 = -0*x, x = -w*s - 12. What is the units digit of 558/4*(7 + 17/s)?
6
Suppose -4*g = -4*o - 12, 0 = 4*g + o + 4*o - 30. Suppose g*t - 17 = -77. What is the tens digit of ((-20)/t)/((-489)/(-162) - 3)?
9
What is the hundreds digit of (-7 + 1)*((-63622)/78 + 14)?
8
Let i = -672 - -1045. Let b = 687 - i. What is the 